ppose -273 + 11 = -5*j + t, 2*j - 102 = -t. Suppose 5*k = 7 - j. Let l = -5 - k. What are the prime factors of l?
2
Suppose -4*f + 5 = 3*c, 3*f - 7 = 3*c + 2. What are the prime factors of f?
2
Let a = 2 - 0. Let c be 30*((-3)/a)/(-3). What are the prime factors of 3/c - (-58)/10?
2, 3
Suppose -5*n = -29 - 41. What are the prime factors of n?
2, 7
Let v(w) = -w**3 + 6*w**2 - 4*w - 1. What are the prime factors of v(5)?
2
Suppose -5*k + n - 4*n = -23, 5*n + 3 = 2*k. Let d = -8 + k. Let t(o) = o**3 + 4*o**2 - 4*o - 1. List the prime factors of t(d).
3, 5
Suppose 0 = 4*u - i + 2 - 5, 12 = 2*u - 4*i. What are the prime factors of 3 - (-10 + (3 - u))?
2, 5
Suppose -5*d + 560 - 131 = 4*s, 4*s + 16 = 0. What are the prime factors of d?
89
Let t = 4 - 4. Suppose -p = n + 4*n - 106, t = n - p - 26. What are the prime factors of n?
2, 11
Suppose 0 = p - 9 - 81. List the prime factors of p.
2, 3, 5
List the prime factors of 24 + 0 + (-1 - -2).
5
Let c(a) = 111*a. List the prime factors of c(1).
3, 37
Let o = 103 + -69. Let t be (-1)/(2 + -3)*3. Suppose 3*s + 3*l + o = 5*s, 0 = -s - t*l - 1. List the prime factors of s.
11
Suppose 0 = j - 1. Let l be 1 - (-25)/(-10) - 18/(-4). List the prime factors of (l - -6) + j + -1.
3
Suppose -63*d + 66*d = 312. What are the prime factors of d?
2, 13
Suppose s + 6 = -2*d, s = 4*d - d - 1. Let i = 13 - s. Let h = 26 - i. What are the prime factors of h?
3
Let w(j) = -5*j**3 - 8*j**2 + 10*j + 9. List the prime factors of w(-4).
7, 23
Let i = 3 - 21. Let b = -7 - i. List the prime factors of b.
11
Let i be (-2)/((-1)/(-126)*-4). Suppose 4*l + 19 = i. What are the prime factors of l?
11
Suppose 3*q = 0, 0 = -0*l + 3*l - 5*q - 30. What are the prime factors of l?
2, 5
Suppose -2*u + 5*p - 88 = -4*u, 4*u - 4*p - 176 = 0. What are the prime factors of u?
2, 11
Let h(y) = -6*y - 11. List the prime factors of h(-12).
61
Suppose 0 = 15*h - 18*h + 510. List the prime factors of h.
2, 5, 17
Let q(m) = m**3 + 8*m**2 - 3*m - 3. Suppose 0 = 2*v + 9 + 7. What are the prime factors of q(v)?
3, 7
Let d(p) = 2*p - 13. Let o be d(0). Let s = 21 + o. List the prime factors of s.
2
Suppose 5*p + 1 = 21. Let y(x) = x**2 + 19*x - 22. Let l be y(-20). Let o = p - l. List the prime factors of o.
2, 3
Suppose -4*z = -0 + 4. Let t = 21 + z. List the prime factors of t.
2, 5
Suppose -61 = -5*s - 3*i, -4 = -i - i. Let o(n) = -5 + 14*n - 5*n**2 - 8 + 4*n**2. What are the prime factors of o(s)?
2, 5
Suppose 2*y - y + 4*s = 12, 0 = -4*y - s + 18. Let f = y - 3. List the prime factors of 12 - (2 - (f - 0)).
11
Let f be (0 + 1)*(1 - -2). Suppose 5*d = 5, f*w - 15 = d - 4*d. Suppose -w*g + 64 = -h + 3*h, 60 = 4*g + 3*h. What are the prime factors of g?
2, 3
Suppose -4 = -2*k + 8. Suppose 0*g + k = 2*g. Suppose 2*l - 24 = 2*b, b + 40 = g*l - 3*b. List the prime factors of l.
2
Let c(h) = 7*h**2. Let x be c(-1). Suppose -5*u + 3*p = -92, -5*p + 3*p - 8 = 0. Suppose x = -n + u. What are the prime factors of n?
3
Let v(g) = -17*g + 10. What are the prime factors of v(-4)?
2, 3, 13
Suppose -5*s + 45 = -1735. List the prime factors of s.
2, 89
Suppose -1 = -v + 7. Suppose p + v = 3*p. Let j = p + -2. List the prime factors of j.
2
Let k(d) = d**3 + 2*d + 73. List the prime factors of k(0).
73
Suppose 2*y - 2 = 2. List the prime factors of y.
2
Suppose 10*m - 1232 = -312. List the prime factors of m.
2, 23
Let f = -13 + 7. Let d be (-174)/10 + (-18)/(-45). Let b = f - d. What are the prime factors of b?
11
Let n(h) = -16*h - 69. List the prime factors of n(-7).
43
Let z(m) = 2*m**3 + m**2 + 87. What are the prime factors of z(0)?
3, 29
List the prime factors of (-4)/16 + (-159)/8*-6.
7, 17
Let k = -210 - -432. What are the prime factors of k?
2, 3, 37
Let y(z) = 6 + 1 - 6*z + 15*z. Let t be y(6). Suppose 4*m = 5*q + t, 0 = 4*m + q - 26 - 5. List the prime factors of m.
3
Suppose -7*x = -3*x - 20. Suppose -x*k = -3*k - 66. What are the prime factors of k?
3, 11
Suppose -3*l = -5*o - 104, -2*o - 42 = l - 2*l. Let f be o/(-4) + (-1)/2. Suppose -4*x - 2*r = -18, -4*x + 28 = -f*r - 11. What are the prime factors of x?
2, 3
Suppose a - 18 + 6 = 0. List the prime factors of a.
2, 3
Let j be 2*2*7/(-4). Let d = j - -10. Suppose 0*x = -x - 4*r + 1, 4*x - 17 = -d*r. What are the prime factors of x?
5
Suppose 0 = 8*w - 101 - 1187. What are the prime factors of w?
7, 23
Let j = -19 - -30. Suppose j = 2*d + 3*a - 11, -d + 4*a = -11. What are the prime factors of d?
11
List the prime factors of (-31)/(-1) + 12/(-6).
29
Let l be 11/2 + (-4)/8. Suppose -l*b - 28 = -78. List the prime factors of b.
2, 5
Let v(d) = -35*d. Let l be v(-3). Suppose 5*t - 4*s + s - l = 0, -34 = -3*t - 4*s. List the prime factors of t.
2, 3
List the prime factors of 1*21 - (-9 + 7).
23
Suppose -t + 4*f = 4*t - 19, 2*t = -f + 5. Let d(l) = -4*l + 3*l - 3*l + t*l + 6. List the prime factors of d(-7).
13
Let x(q) = 0*q + 10*q + 0*q - 2. List the prime factors of x(2).
2, 3
Suppose -2*v - 28 = -20. Suppose 5*j - 58 = -0*s - 2*s, -j + 6 = -s. Let b = v + j. List the prime factors of b.
2, 3
Let a = 1 - -1. Suppose -5*v = 5, -4*m - 3*v = -a*m - 15. List the prime factors of m.
3
Let u(n) be the first derivative of -n**4/4 + 2*n**3/3 + n**2 + n - 2. List the prime factors of u(-2).
13
Let l(d) = 14 - 14 + d. Let u be l(0). Let q = u + 6. List the prime factors of q.
2, 3
Suppose 3*q = 4*i - 9*i - 5, -20 = 4*q. Suppose 7*k - i*k = 0. Suppose 4*c - 132 + 44 = k. List the prime factors of c.
2, 11
Let p = -169 + 93. Let m be (p/(-14) - 2)*7. Suppose y - m = -y. What are the prime factors of y?
2, 3
Suppose -3*h - 2 = 4*d, 5*h - 17 = 3*d + 28. List the prime factors of h.
2, 3
Let q(s) = s**2 + s + 1. Let o(g) = 4*g**2 + 9*g + 4. Let n be (-18)/15 + (-3)/(-15). Let k(r) = n*o(r) + 3*q(r). What are the prime factors of k(-4)?
7
Let t(h) = h + 10. Let j(o) = o + 9. Let v(f) = 4*j(f) - 3*t(f). List the prime factors of v(10).
2
What are the prime factors of (-7)/(105/6)*-5?
2
Suppose -5*f + 3*n + 4 = -24, 0 = -4*f + n + 21. Suppose 45 = 5*k + 4*v, f*v = -17 + 42. What are the prime factors of k?
5
Suppose -5*x = -5*n - 3*x + 282, 0 = 3*n - 3*x - 171. What are the prime factors of n?
2, 7
Suppose 2*n = -0*n. Suppose -3*t - 5*i + i + 82 = n, 2*i + 180 = 5*t. What are the prime factors of t?
2, 17
Suppose -2*o = -5*o + 84. Suppose -4*t - 2*r = r - o, 32 = 5*t + 3*r. What are the prime factors of t?
2
Suppose -4*k = k + 70. Let d be 134/6 + (-2)/(-3). Let a = d + k. List the prime factors of a.
3
Let w(h) = -19*h**2 - h - 1. Let u be w(-1). Let k = -9 - u. What are the prime factors of k?
2, 5
Suppose 0 = 2*v + 3*l - 3, -v + 12 = 2*v - 3*l. Suppose -3*x + 4*x = v. Suppose 2*y - 3*k - 27 = -x*y, 5*y + k - 11 = 0. What are the prime factors of y?
3
Suppose 13 = 3*d - 2. Let k(c) = -c**3 - 5*c**2 - c - 3. Let a be k(-5). Suppose 5*i = a*z + 26, d = -i - 4*z - 3. List the prime factors of i.
2
Let r(x) = -x**3 - 2*x + 2 - 7 + 2 - x + 6*x**2. List the prime factors of r(4).
17
Let s(f) = f**3 + 15*f**2 - 17*f + 15. What are the prime factors of s(-16)?
31
Let i = 1 + 4. Suppose -4*q + 46 = 3*u, -3*u + i*q + 64 = -0*q. What are the prime factors of u?
2, 3
Let d(f) = 18*f + 3. Let o(g) = 6*g + 1. Let h(s) = -4*d(s) + 11*o(s). Let m be h(1). Let v = m - -11. What are the prime factors of v?
2
Let f be (-22)/(-6)*9/3. Let v = -9 + f. Suppose -1 = -w + l, 4*l = v*w - 2 + 6. What are the prime factors of w?
2
Let d(f) = -37*f + 1. Let m be d(-2). Suppose l = -4*l + m. Suppose 0 = 2*q + 3*t + t + 6, t + l = 4*q. List the prime factors of q.
3
Let w(u) = u**3 - 8*u**2 - u - 1. Let t be w(8). Let d(c) = -3*c - 8. List the prime factors of d(t).
19
Suppose 4*n + 0*n + 3*b = 0, -2*b = -5*n. List the prime factors of (-232)/(-4) + n - -2.
2, 3, 5
Suppose 4*b - 4 = 8. Suppose -b - 7 = -5*i. List the prime factors of i.
2
Let a be (-64)/(-36) + 2/9. Suppose -2*b = 4*l - 7*b - 44, 4*l + a*b = 16. List the prime factors of 4/12 + 40/l.
7
Let l = -31 + 20. List the prime factors of (l/2)/((-3)/18).
3, 11
Suppose -2 = 4*f - 122. What are the prime factors of f?
2, 3, 5
Let s = 3 - 14. Let o = 1 - s. What are the prime factors of o?
2, 3
Suppose 36 = -3*v + 4*v. What are the prime factors of v?
2, 3
Suppose -3 = l + 3. Let h = l + 1.